et n = -6 + 8. Suppose n*c - 3 = 33. What is the remainder when c is divided by u?
2
Suppose 12*f = 16 + 212 - 12. Suppose 5*w - 3*w + 30 = 0. Let b = 49 + w. What is the remainder when b is divided by f?
16
Let q be (-6)/(-4)*(-8)/(-2). Suppose 2*k - k + 9 = 0. What is the remainder when k/q*(-16 + 2) is divided by 6?
3
Let l = -34 - -14. Let m = -17 - l. Suppose -u - 69 = -m*f - 12, 3*u = f - 27. What is the remainder when f is divided by 4?
2
Let n be -3 + (4 - (3 + 0/(-4))). What is the remainder when ((-21)/(-14) - 2) + (-27)/n is divided by 8?
5
Let w(k) = -k**3 - 5*k**2 + 4*k - 1. Let l be w(-5). Let b = l - -45. What is the remainder when b is divided by 5?
4
Suppose -4*r + g - 40 = 0, 0 = 3*r - 2*g - 2*g + 43. What is the remainder when 6 + -2 + (-2 - r) is divided by 8?
3
What is the remainder when 32 is divided by ((-1)/(21/(-36)))/(14/98)?
8
Let u(w) = -w + 8 - 11*w**2 - w**3 - 6*w**2 + 3*w**2. Let l be u(-14). Suppose 0 = -v + 2*v - l. What is the remainder when 65 is divided by v?
21
Let i be (10/2)/((-11)/33). Let d = i + 32. What is the remainder when 65 is divided by d?
14
Let n be 159 + 0/(5 + -1). Let z = -154 + n. Calculate the remainder when 27 is divided by z.
2
Let o = 1948 + -1654. What is the remainder when o is divided by 33?
30
Let p(b) = b**2 + 40*b - 270. What is the remainder when p(-48) is divided by 21?
9
Let s = -21 - 27. Let m = s - -56. What is the remainder when 30 is divided by m?
6
Suppose 0*l - 4 = -2*l. Let q = l - -9. What is the remainder when q is divided by (-3)/((-2)/(-16)*-6)?
3
Let a(n) = n**2 + 7*n - 23. Let l be a(-12). Suppose -l*k = -33*k - 56. What is the remainder when 23 is divided by k?
9
Suppose -4*g + 46 = 6. What is the remainder when 76 is divided by 5 + -2 - g/(-1)?
11
Let b be (102 - 0)*10/3. Suppose 35*v - 40*v + b = 0. Calculate the remainder when v is divided by 15.
8
Let r = 787 - 561. Calculate the remainder when r is divided by 6.
4
Let t(h) = -h**3 + 17*h**2 - 18*h + 31. Let l be t(16). Let o = 53 - 27. What is the remainder when o is divided by 16 - (3 + 1/l)?
12
Let c be 2/7 - (-15)/21. Let o be (-3)/(7/(-4) + c). Suppose 3*x + 30 = o*x + 2*j, -4*x - 3*j = -140. Calculate the remainder when x is divided by 14.
10
Let k(l) = 40*l**2 - l + 1. Let p be k(1). Let n = 8 + p. What is the remainder when n is divided by 3/6 - (-175)/14?
9
Let y = 209 - 51. Calculate the remainder when y is divided by 33.
26
Let p = 22 - 26. Let r(f) = -f**3 - 7*f**2 - 2*f. What is the remainder when (26 - 4) + (-1 - p) is divided by r(-7)?
11
Suppose 0 = 23*u - 10*u - 12*u. Suppose u*r + 248 = 8*r. Calculate the remainder when 41 is divided by r.
10
What is the remainder when 96 is divided by 3692/(-355)*10/(-4)?
18
Suppose 0 = -0*d + 3*d - 126. Let o(t) = t**3 + 13*t**2 + 11. Suppose -14 = 12*z + 142. Calculate the remainder when d is divided by o(z).
9
Let y(z) = 5*z**2 + 27*z + 66. Calculate the remainder when 248 is divided by y(-6).
80
Let u = -25 + 39. Calculate the remainder when 7/u - (1 - 91/2) is divided by 756/44 + (-4)/22.
11
Let k be (3/(-12))/(10/760). Let f(a) = -a**2 + 11*a + 4. Let j be f(6). Let s = k + j. What is the remainder when 58 is divided by s?
13
Let c = 22 - 0. Suppose 0 = s + s - 126. Calculate the remainder when s is divided by c.
19
Let q(y) = -y**3 - 26*y**2 + y + 43. Calculate the remainder when 28 is divided by q(-26).
11
Let l(z) = -z**2 + 12*z - 13. Let j(x) = -x**2 + 13*x - 14. Let r(i) = 4*j(i) - 5*l(i). Let y = 20 + -11. Calculate the remainder when r(11) is divided by y.
6
Let d = 16 - 13. Suppose d*y + 23 = -7. Let c = -2 - y. Calculate the remainder when 29 is divided by c.
5
Let f = -205 - -233. Calculate the remainder when 71 is divided by f.
15
Let g = 652 + -638. Calculate the remainder when 50 is divided by g.
8
Let y(q) = -42*q**3 - q**2 + q + 1. Let m be (-4 + 4 + -3)/(-1). Suppose 2*a - m*a - 1 = 0. Calculate the remainder when y(a) is divided by 11.
8
Let i(b) = -b**2 + 9*b - 7. Let c be i(8). Calculate the remainder when ((-156)/9)/((-4)/12) is divided by ((-3)/6)/(c/(-22)).
8
What is the remainder when (109 + 0)/(1/3*1) is divided by 15?
12
Let o(u) = -5*u - 13. Let q be o(-10). Suppose -84 = 35*r - q*r. Suppose 0 = -3*z + 15 + 18. What is the remainder when r is divided by z?
9
Let p = -8 + 13. Suppose p*d - 130 = -5*d. Calculate the remainder when 61 is divided by d.
9
Let n = 38 - 36. Suppose -4*d - 17 = -y, -3*y - n*d + 104 = 25. What is the remainder when 98 is divided by y?
23
Let p = 11 + -15. Let w(g) = g**3 + 5*g**2 + 2*g - 3. Suppose 14 = 2*i + 5*i. Calculate the remainder when w(p) is divided by i.
1
Suppose -3*g + g = -2. Let p be 1/((-1)/69*g). Let u = -9 - p. What is the remainder when u is divided by 21?
18
Let v(u) = -3*u**3 + 3*u**2 - 3*u - 3*u**3 + 10*u**3 + 5*u**3. Let q be v(2). Calculate the remainder when 24 is divided by (-1)/(3/q*-2).
11
Let q(r) = -5*r - 37. What is the remainder when 131 is divided by q(-14)?
32
Suppose 94*d = 101*d - 28. What is the remainder when 19 is divided by d?
3
Let u = 4 - 4. Suppose 6*j = 2*j + 20. Suppose j*d - 40 = -u*d. Calculate the remainder when 23 is divided by d.
7
Suppose 11*n = 16*n - 30. Let h = 3 + n. What is the remainder when 24 is divided by (h/2)/(11/22)?
6
Let r(p) = p**2 + p - 3. Let v be r(-3). Suppose v*j - 10 = -5*d, -17 = 3*j - 2. Calculate the remainder when d is divided by (-22)/(-11)*(-3)/(-2).
2
Let r(t) = -t**3 - 2*t**2 + t + 15. What is the remainder when 187 is divided by r(-3)?
19
Let f(d) = -114*d - 61. Calculate the remainder when 369 is divided by f(-1).
51
Let v(n) = n**2 - 79*n - 19. Let k(m) = -m**2 + 118*m + 28. Let p(d) = 5*k(d) + 7*v(d). Calculate the remainder when p(-19) is divided by 15.
11
Let o(r) = r**2 + 11*r - 10. Suppose n = 4*d - 4*n + 47, -17 = d + 4*n. What is the remainder when (-6)/4*(-744)/18 is divided by o(d)?
14
Let l be (2/(-10))/((-18)/(-90)). Let d(a) = 4*a**2 - a - 1. What is the remainder when d(l) is divided by 2?
0
Let b(v) = 3*v**2 - v + 4. Let j be (4/(-5))/((-2)/40). Let u = j + 19. What is the remainder when u is divided by b(-2)?
17
Suppose -3*j - 7 = -5*h, 3*h = 4*j + 1 + 1. Let b = 21 + j. Suppose -k + 57 - b = 0. Calculate the remainder when k is divided by 9.
8
Let z be -1 - 170/4 - (-8)/16. What is the remainder when (2 - 0)*(1 - z) is divided by 10?
8
Let h(g) = g + 4. Let s = 13 + -13. Let d = -6 - -12. Calculate the remainder when d is divided by h(s).
2
Let w = -48 - -52. Suppose -w*s - 3*r = -0*r - 20, 0 = 2*r. What is the remainder when 13 is divided by s?
3
Let d(i) = 15*i**2 + 4*i + 5. Suppose -3*n - 7 = k - 4*n, 4*n - 10 = -5*k. What is the remainder when d(k) is divided by 22?
13
Let x(o) = 18*o - 5. Let z be 0 + 0 - -5 - 3. What is the remainder when x(z) is divided by 11?
9
Suppose -q + 2*u + 22 = -10, 2*q - 3*u - 62 = 0. Calculate the remainder when q is divided by 24.
4
Let f(q) = 18 + 6*q**2 + 24*q - 7*q**2 - q**3 - 5*q**2 - 7*q**2. What is the remainder when f(-15) is divided by 11?
9
What is the remainder when ((-348)/(-9))/(29/87) is divided by 101?
15
Let d(l) = -l**2 + 19*l + 5. Let m be d(18). Suppose -5*c + 12 + m = 0. What is the remainder when 81 is divided by c?
4
Suppose -b - 4*b = -95. Suppose 0 = c - b - 27. Let s = c + -31. What is the remainder when 89 is divided by s?
14
Let l = -64 - -58. Let m = 11 - l. Calculate the remainder when 59 is divided by m.
8
Let f(d) = -26*d + 2 + 4 - 4. Let o(c) = -c**3 - 17*c**2 - 16*c - 257. Calculate the remainder when f(-2) is divided by o(-17).
9
Calculate the remainder when 70 is divided by (-7)/(((-2)/(16/(-2)))/(-1)).
14
Suppose -4*k = -6*k - 4*d + 182, -5*d + 85 = k. What is the remainder when k is divided by 32?
31
Suppose -5*s - j = -110, -4*s - 3*j = -121 + 44. Suppose 17*o = 18*o - 41. What is the remainder when o is divided by s?
18
Suppose 0 = 21*j - 19*j + 72. Let s = -16 - j. What is the remainder when 59 is divided by s?
19
Suppose 4*c - 93 = -3*u - 57, c + 10 = 4*u. What is the remainder when 18 is divided by c?
0
Let a = 1909 + -1900. What is the remainder when 1744 is divided by a?
7
Let q = 39 - 23. Let z(g) = 44*g**2 - 3*g - 2. Let w(h) = h**3 + h**2 + h - 1. Let u be w(0). Calculate the remainder when z(u) is divided by q.
13
Suppos